factors of 1847222.
2, 13, 23, 3089
What are the prime factors of 674819?
41, 109, 151
List the prime factors of 16524911.
13, 1271147
List the prime factors of 1470626.
2, 457, 1609
List the prime factors of 6048005.
5, 17, 71153
What are the prime factors of 182403?
3, 13, 1559
List the prime factors of 2432924.
2, 13, 59, 61
What are the prime factors of 693886?
2, 346943
List the prime factors of 22887592.
2, 7, 13, 149, 211
What are the prime factors of 624016?
2, 43, 907
What are the prime factors of 11392767?
3, 1265863
What are the prime factors of 2689770?
2, 3, 5, 89659
List the prime factors of 1309531.
1309531
List the prime factors of 153935.
5, 17, 1811
List the prime factors of 8827931.
7, 1261133
List the prime factors of 2970449.
1483, 2003
What are the prime factors of 1031118?
2, 3, 11, 17, 919
What are the prime factors of 3000081?
3, 7, 19, 73, 103
List the prime factors of 1888048.
2, 197, 599
What are the prime factors of 1386840?
2, 3, 5, 7, 13, 127
What are the prime factors of 4716046?
2, 53, 44491
What are the prime factors of 780033?
3, 260011
What are the prime factors of 2169768?
2, 3, 90407
What are the prime factors of 324567?
3, 4007
What are the prime factors of 666109?
666109
List the prime factors of 6859718.
2, 29, 101, 1171
List the prime factors of 185497.
13, 19, 751
List the prime factors of 15995720.
2, 5, 13, 19, 1619
List the prime factors of 13177315.
5, 233, 11311
List the prime factors of 1743350.
2, 5, 7, 17, 293
What are the prime factors of 290737?
290737
List the prime factors of 1051005.
3, 5, 70067
What are the prime factors of 114228?
2, 3, 19, 167
What are the prime factors of 1475848?
2, 11, 31, 541
What are the prime factors of 1646009?
109, 15101
List the prime factors of 575422.
2, 31, 9281
List the prime factors of 335639.
23, 14593
What are the prime factors of 799325?
5, 31973
What are the prime factors of 26274691?
26274691
What are the prime factors of 13702843?
7, 11, 251, 709
List the prime factors of 28156.
2, 7039
What are the prime factors of 7540309?
7, 199, 5413
List the prime factors of 19218785.
5, 19, 101, 2003
What are the prime factors of 904557?
3, 211, 1429
What are the prime factors of 860514?
2, 3, 143419
What are the prime factors of 93079?
7, 13297
What are the prime factors of 227732?
2, 17, 197
What are the prime factors of 41812506?
2, 3, 2322917
What are the prime factors of 59887?
59887
List the prime factors of 4505694.
2, 3, 211, 3559
What are the prime factors of 921215?
5, 19, 9697
What are the prime factors of 6046573?
13, 71, 6551
List the prime factors of 190596.
2, 3, 7, 2269
What are the prime factors of 2130480?
2, 3, 5, 11, 269
List the prime factors of 3285958.
2, 13, 47, 2689
What are the prime factors of 461024?
2, 14407
What are the prime factors of 44241600?
2, 3, 5, 13, 709
What are the prime factors of 5607909?
3, 17, 36653
List the prime factors of 35376.
2, 3, 11, 67
List the prime factors of 18008735.
5, 73, 49339
List the prime factors of 15468692.
2, 67, 57719
List the prime factors of 431129.
19, 22691
What are the prime factors of 810478?
2, 405239
What are the prime factors of 813512?
2, 7, 73, 199
What are the prime factors of 3169832?
2, 193, 2053
List the prime factors of 409394.
2, 17, 12041
List the prime factors of 2249821.
7, 321403
List the prime factors of 145511.
145511
List the prime factors of 41793035.
5, 8358607
List the prime factors of 2349875.
5, 11, 1709
List the prime factors of 4051503.
3, 19, 29, 43
List the prime factors of 332944.
2, 20809
What are the prime factors of 7511150?
2, 5, 150223
List the prime factors of 4094045.
5, 173, 4733
List the prime factors of 230117.
230117
List the prime factors of 895402.
2, 447701
What are the prime factors of 3487471?
13, 268267
What are the prime factors of 8793876?
2, 3, 7, 13, 8053
What are the prime factors of 629678?
2, 7, 41, 1097
What are the prime factors of 6220153?
1993, 3121
What are the prime factors of 3162370?
2, 5, 79, 4003
List the prime factors of 70954.
2, 13, 2729
List the prime factors of 41501.
47, 883
List the prime factors of 4772081.
1741, 2741
What are the prime factors of 35528720?
2, 5, 444109
What are the prime factors of 25595288?
2, 3199411
What are the prime factors of 3711792?
2, 3, 7, 11047
List the prime factors of 14815.
5, 2963
List the prime factors of 4325404.
2, 1081351
What are the prime factors of 14566128?
2, 3, 73, 4157
List the prime factors of 19738810.
2, 5, 7, 13, 109, 199
What are the prime factors of 1581614?
2, 293, 2699
List the prime factors of 10382464.
2, 29, 2797
List the prime factors of 3469573.
23, 251, 601
What are the prime factors of 3819055?
5, 763811
What are the prime factors of 2470442?
2, 13, 7309
List the prime factors of 508310.
2, 5, 11, 4621
List the prime factors of 3808375.
5, 30467
List the prime factors of 4246694.
2, 191, 11117
What are the prime factors of 570?
2, 3, 5, 19
List the prime factors of 1018461.
3, 193, 1759
List the prime factors of 1552393.
1552393
List the prime factors of 11159548.
2, 17, 29, 5659
What are the prime factors of 112144?
2, 43, 163
List the prime factors of 72632.
2, 7, 1297
What are the prime factors of 36083200?
2, 5, 2819
List the prime factors of 19811858.
2, 11, 900539
What are the prime factors of 93604?
2, 7, 3343
List the prime factors of 8155452.
2, 3, 59, 11519
List the prime factors of 3766833.
3, 7, 59791
What are the prime factors of 625001?
13, 131, 367
List the prime factors of 4580723.
7, 67, 9767
List the prime factors of 233864.
2, 23, 31, 41
What are the prime factors of 1322012?
2, 349, 947
What are the prime factors of 9113552?
2, 7, 81371
What are the prime factors of 891685?
5, 139, 1283
List the prime factors of 24257659.
29, 836471
List the prime factors of 2845861.
1163, 2447
List the prime factors of 296085.
3, 5, 19739
What are the prime factors of 354749?
19, 18671
What are the prime factors of 4029445?
5, 7, 115127
List the prime factors of 149511.
3, 19, 43, 61
What are the prime factors of 1064134?
2, 53, 10039
List the prime factors of 890024.
2, 111253
What are the prime factors of 9175718?
2, 41, 149, 751
List the prime factors of 92020.
2, 5, 43, 107
List the prime factors of 284468.
2, 19, 197
List the prime factors of 15005193.
3, 7, 19, 37607
What are the prime factors of 7641661?
157, 48673
What are the prime factors of 265201?
163, 1627
What are the prime factors of 31405720?
2, 5, 785143
List the prime factors of 702842.
2, 7, 61, 823
What are the prime factors of 430187?
31, 13877
What are the prime factors of 1160843?
19, 107, 571
What are the prime factors of 10988225?
5, 53, 8293
What are the prime factors of 778159?
23, 1471
List the prime factors of 21451.
19, 1129
List the prime factors of 277597.
277597
What are the prime factors of 1943509?
1307, 1487
What are the prime factors of 530792?
2, 43, 1543
List the prime factors of 201487.
11, 13, 1409
What are the prime factors of 2377244?
2, 594311
List the prime factors of 16212785.
5, 3242557
List the prime factors of 6308220.
2, 3, 5, 105137
What are the prime factors of 3330616?
2, 457, 911
List the prime factors of 27790595.
5, 7, 67, 1693
What are the prime factors of 2138252?
2, 409, 1307
What are the prime factors of 706313?
706313
List the prime factors of 299966.
2, 23, 6521
What are the prime factors of 15727623?
3, 269, 19489
What are the prime factors of 4648756?
2, 7, 166027
What are the prime factors of 192663?
3, 21407
What are the prime factors of 1274055?
3, 5, 157, 541
List the prime factors of 16836006.
2, 3, 11, 79, 3229
List the prime factors of 1172717.
7, 13, 263
What are the prime factors of 305936?
2, 19121
List the prime factors of 210227.
43, 4889
List the prime factors of 2441162.
2, 29, 42089
List the prime factors of 937065.
3, 5, 179, 349
List the prime factors of 2384610.
2, 3, 5, 101, 787
What are the prime factors of 115482?
2, 3, 19, 1013
What are the prime factors of 23038985?
5, 23, 89, 2251
List the prime factors of 2001831.
3, 13, 51329
List the prime factors of 387255.
3, 5, 11, 2347
What are the prime factors of 1579846?
2, 109, 7247
What are the prime factors of 1289820?
2, 3, 5, 7, 37, 83
What are the prime factors of 10